n divisor of 144219019 and 17885?
511
Calculate the highest common divisor of 15461076 and 12.
12
Calculate the greatest common factor of 9287505 and 11245.
865
What is the highest common divisor of 19220 and 262771996?
3844
What is the greatest common factor of 3156465 and 65?
65
What is the greatest common divisor of 21660 and 8259319?
361
What is the highest common factor of 28986351 and 2292?
573
Calculate the highest common divisor of 1442243 and 517.
11
Calculate the greatest common divisor of 625 and 6046000.
125
Calculate the greatest common factor of 31921626 and 1122.
66
What is the highest common divisor of 50 and 32912220?
10
Calculate the greatest common divisor of 26 and 43641260.
26
What is the greatest common divisor of 224 and 4998784?
224
What is the greatest common factor of 49995 and 8667315?
4545
What is the greatest common divisor of 15052378 and 4676?
334
Calculate the highest common factor of 47202680 and 1568.
392
Calculate the highest common factor of 33 and 76378973.
11
What is the greatest common divisor of 151520 and 18680?
40
Calculate the highest common divisor of 108314 and 4619.
31
What is the greatest common divisor of 1860 and 837354330?
930
Calculate the highest common divisor of 45 and 2101765.
5
What is the greatest common factor of 352 and 4922291?
11
Calculate the highest common factor of 90474 and 2847270.
5322
What is the greatest common divisor of 23399505 and 90?
45
What is the greatest common factor of 5845219 and 17973?
1997
What is the greatest common divisor of 16268 and 136232299?
4067
Calculate the greatest common divisor of 177230 and 2872084.
958
What is the highest common factor of 4521 and 669930?
411
What is the highest common factor of 155 and 1580411?
31
What is the greatest common factor of 8305 and 860651?
11
What is the highest common divisor of 663 and 21017559?
51
What is the greatest common divisor of 3148 and 44264?
4
Calculate the greatest common divisor of 139011 and 1203.
3
What is the highest common factor of 145806418 and 14060?
1406
Calculate the greatest common factor of 5528510 and 1170.
130
What is the greatest common factor of 3993 and 18468956?
1331
What is the highest common divisor of 1171534 and 129682?
2198
What is the greatest common divisor of 269605 and 665?
35
What is the highest common factor of 590218 and 9073?
43
What is the greatest common factor of 508026 and 295416?
2238
Calculate the greatest common divisor of 57501800 and 43870.
1070
What is the greatest common divisor of 613271108 and 7574?
1082
What is the highest common divisor of 22339178 and 678714?
7298
Calculate the highest common divisor of 11936941 and 34.
17
What is the greatest common divisor of 19688 and 1472?
184
What is the highest common divisor of 6 and 25199430?
6
Calculate the highest common divisor of 80155 and 7800450.
1955
What is the highest common divisor of 2187983 and 50407?
133
What is the highest common factor of 115 and 17744730?
115
Calculate the highest common divisor of 64 and 2339888.
16
Calculate the greatest common factor of 690375 and 63.
21
Calculate the greatest common factor of 11831856 and 32.
16
What is the highest common factor of 1260 and 32550?
210
Calculate the highest common divisor of 33425236 and 13.
13
What is the greatest common divisor of 5377 and 4528934183?
5377
Calculate the greatest common divisor of 235 and 381355415.
235
Calculate the highest common factor of 15 and 43140705.
15
What is the greatest common factor of 319472228 and 408?
68
Calculate the greatest common factor of 8804 and 117772.
4
What is the greatest common factor of 756 and 52604532?
108
Calculate the greatest common divisor of 269776652 and 4.
4
What is the highest common factor of 1143 and 24701373?
1143
What is the highest common divisor of 5561073 and 2876949?
7713
Calculate the highest common factor of 2200945 and 370.
185
What is the highest common divisor of 1148 and 234537548?
1148
What is the greatest common divisor of 6943 and 6313676?
131
Calculate the highest common divisor of 32356 and 2816.
4
Calculate the greatest common divisor of 326456 and 21855782.
1118
What is the greatest common factor of 264 and 14763397?
11
What is the greatest common factor of 651735258 and 186?
186
Calculate the greatest common divisor of 11050 and 3863080.
2210
Calculate the highest common divisor of 69652 and 1635304.
44
Calculate the highest common divisor of 113699816 and 3256.
296
What is the greatest common divisor of 389016 and 92?
4
What is the greatest common divisor of 510 and 1202770?
10
What is the highest common factor of 688 and 203841672?
344
Calculate the greatest common divisor of 9620 and 186786730.
4810
What is the greatest common divisor of 1310377 and 459?
17
What is the greatest common divisor of 31 and 2976775?
31
What is the greatest common factor of 5884091 and 289?
17
Calculate the highest common factor of 111 and 23311899.
3
What is the greatest common factor of 1010961 and 2457?
189
What is the greatest common divisor of 17928 and 345600?
216
Calculate the greatest common factor of 9338430 and 2820.
1410
Calculate the greatest common divisor of 1313807 and 8217.
913
Calculate the highest common divisor of 19710 and 335449965.
1095
What is the greatest common divisor of 463201221 and 7?
7
What is the highest common factor of 385573 and 32?
1
What is the greatest common factor of 3895 and 3321485?
95
What is the greatest common divisor of 116 and 42818152?
116
Calculate the greatest common factor of 794160110 and 10.
10
Calculate the highest common factor of 50 and 3006889000.
50
Calculate the greatest common divisor of 231000 and 824250.
5250
What is the greatest common divisor of 14104044 and 648?
324
Calculate the highest common divisor of 1215662475 and 339.
339
What is the highest common divisor of 27523 and 32368667?
1619
What is the greatest common factor of 492547583 and 418?
209
What is the greatest common divisor of 1551760 and 464?
16
What is the highest common factor of 85476 and 242352?
204
What is the greatest common divisor of 20850 and 26562066?
834
What is the greatest common divisor of 99670545 and 90?
45
What is the greatest common divisor of 139 and 670481?
1
What is the highest common factor of 748 and 24424648?
68
Calculate the highest common divisor of 23351648 and 1188704.
9824
What is the highest common factor of 13107 and 8620037?
4369
Calculate the highest common divisor of 17915 and 43021081.
3583
Calculate the highest common divisor of 22412 and 855104.
1724
Calculate the greatest common divisor of 344792 and 14327339.
6157
Calculate the highest common divisor of 476 and 61383.
7
Calculate the highest common factor of 17363 and 624889.
179
Calculate the highest common divisor of 120 and 147323508.
12
Calculate the highest common factor of 6004 and 776036.
76
What is the highest common factor of 357 and 9650169?
51
What is the greatest common factor of 3292344 and 176616?
792
What is the greatest common divisor of 197556 and 21503304?
1212
Calculate the highest common divisor of 26016 and 2328.
24
Calculate the greatest common divisor of 369 and 25358274.
9
What is the greatest common factor of 1758634 and 439?
439
Calculate the highest common factor of 6408289 and 11778.
151
What is the greatest common divisor of 3257901 and 232388?
4469
Calculate the highest common factor of 197632 and 3311494.
386
What is the highest common factor of 160024 and 89308?
332
What is the highest common factor of 985 and 58414440?
985
What is the highest common divisor of 80 and 205510?
10
What is the greatest common divisor of 36102 and 4917?
33
Calculate the greatest common factor of 512836 and 223996.
116
Calculate the highest common divisor of 7644015 and 37.
37
What is the greatest common divisor of 28370688 and 9840?
1968
What is the greatest common divisor of 292028261 and 833?
119
What is the greatest common divisor of 5116592 and 176?
16
What is the highest common divisor of 1210 and 3480?
10
What is the greatest common divisor of 14673 and 177952?
67
Calculate the highest common divisor of 154602701 and 53667.
5963
What is the highest common factor of 27392 and 1441024?
256
Calculate the highest common factor of 20325 and 273093475.
6775
What